divided by u?
3
Suppose 304 - 40 = m. Calculate the remainder when (-48)/m + 1326/33 is divided by 6.
4
Let k(m) = -m**3 - 32*m**2 - 234*m + 127. What is the remainder when 278 is divided by k(-20)?
5
Let p(g) = -2*g**3 - 3*g**2 + 2*g + 13. Let h = 19 + -22. Calculate the remainder when p(h) is divided by 12.
10
Let h = 249 - 128. What is the remainder when h is divided by -10 + (-24)/(-6) + 22?
9
Calculate the remainder when 817 - 1 - 126/(-168)*(-16)/12 is divided by 7.
3
What is the remainder when 759 is divided by (23 + (-1504)/64)/((-2)/64)?
7
Suppose -3*q - 470 + 2004 = 2*x, -q + 507 = 5*x. Calculate the remainder when q is divided by 248.
16
Suppose 0 = 23*a - 1796 - 1631. Calculate the remainder when a is divided by 65.
19
Suppose -5*x - 3*c = -0*x - 118, 4*c - 36 = -2*x. Suppose 16*w - 15 = w. Calculate the remainder when (w/(-2 - -3))/(3/387) is divided by x.
25
Calculate the remainder when (-62 + (-6)/(-126)*7)*-15 is divided by 19.
13
Calculate the remainder when 317 is divided by (-6 - -172) + -1*5.
156
Suppose 107*o - 396 = 89*o + 324. Let u be -6*(-2)/14*14. Suppose -4*v - 12 = 0, o + u = c + 2*v. Calculate the remainder when c is divided by 12.
10
Suppose -2*a = -2*p + 314, 8*p - 3*p - 3*a - 775 = 0. What is the remainder when 2117 is divided by p?
141
Suppose 20*d = 24*d + 320. Let j be 1 + 2/(-3) + d/(-30). Suppose 5*w + j = 4*w, 3*f + w - 99 = 0. What is the remainder when f is divided by 9?
7
Suppose 181 = 5*t - 3*i - 355, 114 = t - 4*i. Let v = 152 - t. Calculate the remainder when (-2)/4*-6 + v is divided by 10.
9
Suppose -62*p + 28*p = -918. Calculate the remainder when 929 is divided by p.
11
Let y = -8180 + 8221. Calculate the remainder when 1391 is divided by y.
38
Let b = 2686 - 2481. What is the remainder when b is divided by 55?
40
Suppose 0 = -24*z - 12369 + 2097. Let s = 455 + z. What is the remainder when 98 is divided by s?
17
Suppose -7 = -3*d + 5. Suppose 6*s - 1 = 5*s - 3*x, -d*s + 44 = 2*x. What is the remainder when 14 is divided by s?
1
Suppose 0 = 16*m + 115 - 19. What is the remainder when 211 is divided by 5/4*m*(-1 - 5)?
31
Suppose 5*l + 3 = 5*j - 12, j - 8 = -4*l. Let d be l/2 + (-9)/18. Suppose 5*w + 163 - 578 = d. What is the remainder when w is divided by 12?
11
Let y = -8 + 12. Suppose -b = 3*t - 29, -b + 4*t + 164 = y*b. Suppose -2*u = 2*u - b. What is the remainder when 31 is divided by u?
7
Let f(a) = 2*a + 4. Suppose 4*g - 5*j - 12 = 0, -j = -3*j. What is the remainder when f(g) is divided by -1 + -3*(-12)/9?
1
Let v(p) = -p**3 - 6*p**2 - 17. Let b be v(-10). Let x = -369 + b. Calculate the remainder when 60 is divided by x.
4
Let v(n) = 17*n**2 + n + 1. Let s = 2 + -3. Let i = 29682 + -29676. What is the remainder when v(s) is divided by i?
5
Suppose 2135 + 393 = 2*c. Suppose 238 = -9*w + c. What is the remainder when w is divided by 39?
36
Suppose 0 = 6*a - 8 - 40. Suppose -a*y + 172 = -4*y. What is the remainder when y is divided by 4?
3
Let b = -22659 - -22683. Calculate the remainder when (-644)/(-18) + 4/18 is divided by b.
12
Let r(h) = 3 + 0*h - 150*h**3 - 4*h + 0*h**2 + 196*h**3 + 2*h**2. Let p(g) = g**3 + 8. What is the remainder when r(1) is divided by p(0)?
7
What is the remainder when 420 is divided by (2849/(-132) - (-7)/(-4))*-3?
0
Let w be 25 - 1*(1 - 2). Suppose 13*c = 17*c - 2*y - 26, 2*c + 7 = -3*y. What is the remainder when 35 is divided by (2/c)/1 - (-299)/w?
11
Let q = 1912 + -1907. Let c(y) be the third derivative of y**5/30 - 3*y**4/8 + y**3/2 - y**2. What is the remainder when 14 is divided by c(q)?
6
Suppose 5*i - 2*i + 5*q - 670 = 0, 0 = i - 2*q - 205. Let f = -175 + i. Calculate the remainder when 357 is divided by f.
37
Let w(y) = 2*y**2 - y - 3. Suppose 3*p + 2*j = 0, 2*p + 1 = -4*j + 3*j. What is the remainder when 110 is divided by w(p)?
5
Let r be (-120)/(-28) + (-2)/7. What is the remainder when (952/2142 + (-17)/18)/(5/(-420)) is divided by r/6 - 43/(-3)?
12
Let o be (315/(-5))/7 - -20. Suppose -497 = -o*g + 823. What is the remainder when g is divided by 62?
58
Suppose -3*v - 2*v = -20, 3*m - 2*v = 19. Suppose m*a - 875 = -16*a. Calculate the remainder when 113 is divided by a.
8
Let a(b) = 17*b**2 - 2*b + 2. Let g = 27 - 32. Let l(v) = -v**2 - v + 1. Let x(p) = g*l(p) + a(p). Calculate the remainder when 41 is divided by x(1).
19
Suppose -633 = 27*b - 2681 - 9832. What is the remainder when b is divided by 111?
107
Suppose 2*h - 16 = -3*r, 3*r = -2*r + 4*h - 10. Suppose -163 = 4*t + 3*g, g - 1 = -r. Let w = 60 + t. What is the remainder when 56 is divided by w?
16
Let o = 3952 - 3792. Calculate the remainder when o is divided by 32.
0
Let d(m) = 24*m**2 - 102*m + 1004. What is the remainder when d(9) is divided by 19?
16
Suppose 3*h + 2*x = 3884, -2*x = 1761*h - 1763*h + 2586. What is the remainder when h is divided by 22?
18
Let g(q) = -q**2 - 16*q - 7. Let s be g(-15). Let w be (35/20)/1 - (-2)/s. Suppose -24 = -w*n - 0. Calculate the remainder when 44 is divided by n.
8
Let q(x) = x**3 - 6*x - 3 + 6*x**2 - x**2 + 0*x**2. Let s be q(-6). Let p = s - -9. Calculate the remainder when 8 is divided by p.
2
Let y be 1 + (-169)/9 + (-38)/171. Suppose -5*u + 245 = -5. Calculate the remainder when u is divided by (-5 - 441/y)*4/3.
24
Suppose 0 = -2*f + 3*q + 22, -11 = -f + 7*q - 3*q. Suppose -h = 5*l - 33, f*h - 15*h + 90 = -l. Calculate the remainder when 342 is divided by h.
20
Let r = 5703 + -5327. Calculate the remainder when r is divided by 48.
40
Suppose -5*d = 194*g - 190*g - 262, d + 298 = 4*g. What is the remainder when 234 is divided by g?
15
Let m(c) = 90*c**2 - c - 1. Let k be m(-1). Suppose -10*s + 1691 = -29*s. Let g = s + k. What is the remainder when 5 is divided by g?
0
Let o(r) = 2*r**2 + 23*r - 79. What is the remainder when o(9) is divided by 87?
29
Suppose s - 429 = 72*i - 75*i, -i + 2*s = -136. What is the remainder when i is divided by 110?
32
Suppose 0 = 9*x - 897 - 975. Let l = 392 - x. Calculate the remainder when l is divided by 17.
14
Suppose 16*c + 440 = 11*c. Let q = c + 36. Let h = q - -55. Calculate the remainder when 14 is divided by h.
2
Let y = 1480 + -922. Let a = 565 - y. Calculate the remainder when 355 is divided by a.
5
Let p(n) = n**3 - n**2 + n + 422. What is the remainder when p(0) is divided by (2/56 + 6293/5684)*(1 + 6)?
6
Suppose -5*s - 2*f + f + 237 = 0, 2*f = 3*s - 150. Suppose 6*w - 5*w = -5*l + 1194, -496 = -2*l - 5*w. Calculate the remainder when l is divided by s.
46
Let f(g) = -47*g + 691. Calculate the remainder when 630 is divided by f(12).
122
Suppose 4*j + 8*j - 435 = 7*j. What is the remainder when 332 is divided by j?
71
Calculate the remainder when ((-4378)/33)/((-6)/9) is divided by 13.
4
Suppose 9*p + c = 7*p - 355, 0 = -2*p - 5*c - 351. Let h = -59 - -89. Calculate the remainder when (-2)/8*4 + (2 - p) is divided by h.
29
Let h = 3755 + -3492. Calculate the remainder when h is divided by 63.
11
Suppose 0 = 5*l - 10, -35*j + 39*j - 1256 = 4*l. Let m = j - 297. Calculate the remainder when 23 is divided by m.
4
Let n = 24 - 20. Suppose 0*o = -n*o + 168. Let r = 197 + -31. What is the remainder when r is divided by o?
40
Let t(c) = c**3 + 32*c**2 + 39*c + 267. Calculate the remainder when 778 is divided by t(-31).
18
Let m = -273 - -277. Suppose m*r - 48 = -4*c, 2*c + 38 = 3*r + 3*c. What is the remainder when 101 is divided by r?
10
Suppose 0 = -41*x + 42*x - 54. Suppose 7*i + 84 + 168 = 0. Let d = -22 - i. Calculate the remainder when x is divided by d.
12
Suppose -2*t = -d + 174, -5*t - 117 = d - 319. Calculate the remainder when d is divided by 93.
89
Let h = 25 - 25. Suppose 4 + 83 = -5*x + 4*r, h = -4*x - r - 78. Let m(z) = -z**3 - 19*z**2 - 2*z - 12. What is the remainder when m(x) is divided by 15?
11
Let h(r) = -272*r + 1934. Calculate the remainder when 5427 is divided by h(7).
27
Let b(q) = -21*q**3 - q**2 - 44*q - 144. What is the remainder when b(-3) is divided by 9?
6
Suppose 0 = r - 4*r + 117. Let k = -36 + r. Suppose b = k, 147 = 4*o + 5*b - 460. Calculate the remainder when o is divided by 15.
13
Let z(h) = 135*h**3 + 15*h - 39. What is the remainder when z(2) is divided by 24?
15
Suppose 0 = -3*u - 4*m + 8*m + 187, 4*m = -16. What is the remainder when 2504 is divided by u?
53
Su